{"id":71139,"date":"2025-03-26T11:00:44","date_gmt":"2025-03-26T10:00:44","guid":{"rendered":"https:\/\/sagnlandet.dk\/fr\/?post_type=ajde_events&#038;p=71139"},"modified":"2025-03-26T12:25:03","modified_gmt":"2025-03-26T11:25:03","slug":"suivez-nous-pendant-que-nous-preparons-le-metier-a-tisser","status":"publish","type":"ajde_events","link":"https:\/\/sagnlandet.dk\/fr\/blog\/events\/suivez-nous-pendant-que-nous-preparons-le-metier-a-tisser\/","title":{"rendered":"Suivez-nous pendant que nous pr\u00e9parons le m\u00e9tier \u00e0 tisser"},"content":{"rendered":"\n<p>Avant de commencer \u00e0 tisser, il faut pr\u00e9parer le m\u00e9tier \u00e0 tisser. C&#8217;est un travail qui prend souvent plusieurs jours et qui peut n\u00e9cessiter plusieurs mains. Ce week-end, nos habitants de l&#8217;\u00e2ge du fer et nos artisans du textile installeront un m\u00e9tier \u00e0 tisser sp\u00e9cial dans l&#8217;une des maisons du village de l&#8217;\u00e2ge du fer et parleront du m\u00e9tier \u00e0 tisser \u00e0 deux perches, le type de m\u00e9tier \u00e0 tisser utilis\u00e9 au d\u00e9but de l&#8217;\u00e2ge du fer. <\/p>\n","protected":false},"author":4,"featured_media":71140,"menu_order":0,"comment_status":"closed","ping_status":"closed","template":"","meta":{"_acf_changed":false},"tags":[],"event_type":[677,676],"event_type_2":[680],"class_list":["post-71139","ajde_events","type-ajde_events","status-publish","has-post-thumbnail","hentry","event_location-village-de-lage-du-fer-de-lethra-n-25","event_type-age-du-fer","event_type-evenement","event_type_2-programme-de-la-saison"],"acf":[],"yoast_head":"<!-- This site is optimized with the Yoast SEO plugin v23.5 - https:\/\/yoast.com\/wordpress\/plugins\/seo\/ -->\n<title>Suivez-nous pendant que nous pr\u00e9parons le m\u00e9tier \u00e0 tisser - Sagnlandet Lejre<\/title>\n<meta name=\"robots\" content=\"index, follow, max-snippet:-1, max-image-preview:large, max-video-preview:-1\" \/>\n<link rel=\"canonical\" href=\"https:\/\/sagnlandet.dk\/fr\/blog\/events\/suivez-nous-pendant-que-nous-preparons-le-metier-a-tisser\/\" \/>\n<meta property=\"og:locale\" content=\"fr_FR\" \/>\n<meta property=\"og:type\" content=\"article\" \/>\n<meta property=\"og:title\" content=\"Suivez-nous pendant que nous pr\u00e9parons le m\u00e9tier \u00e0 tisser - Sagnlandet Lejre\" \/>\n<meta property=\"og:description\" content=\"Avant de commencer \u00e0 tisser, il faut pr\u00e9parer le m\u00e9tier \u00e0 tisser. C&#8217;est un travail qui prend souvent plusieurs jours et qui peut n\u00e9cessiter plusieurs mains. Ce week-end, nos habitants de l&#8217;\u00e2ge du fer et nos artisans du textile installeront un m\u00e9tier \u00e0 tisser sp\u00e9cial dans l&#8217;une des maisons du village de l&#8217;\u00e2ge du fer [&hellip;]\" \/>\n<meta property=\"og:url\" content=\"https:\/\/sagnlandet.dk\/fr\/blog\/events\/suivez-nous-pendant-que-nous-preparons-le-metier-a-tisser\/\" \/>\n<meta property=\"og:site_name\" content=\"Sagnlandet Lejre\" \/>\n<meta property=\"article:modified_time\" content=\"2025-03-26T11:25:03+00:00\" \/>\n<meta property=\"og:image\" content=\"https:\/\/sagnlandet.dk\/fr\/wp-content\/uploads\/sites\/12\/2025\/03\/forside-oplevelser-02-2.jpg\" \/>\n\t<meta property=\"og:image:width\" content=\"470\" \/>\n\t<meta property=\"og:image:height\" content=\"570\" \/>\n\t<meta property=\"og:image:type\" content=\"image\/jpeg\" \/>\n<meta name=\"twitter:card\" content=\"summary_large_image\" \/>\n<meta name=\"twitter:label1\" content=\"Dur\u00e9e de lecture estim\u00e9e\" \/>\n\t<meta name=\"twitter:data1\" content=\"1 minute\" \/>\n<!-- \/ Yoast SEO plugin. -->","yoast_head_json":{"title":"Suivez-nous pendant que nous pr\u00e9parons le m\u00e9tier \u00e0 tisser - Sagnlandet Lejre","robots":{"index":"index","follow":"follow","max-snippet":"max-snippet:-1","max-image-preview":"max-image-preview:large","max-video-preview":"max-video-preview:-1"},"canonical":"https:\/\/sagnlandet.dk\/fr\/blog\/events\/suivez-nous-pendant-que-nous-preparons-le-metier-a-tisser\/","og_locale":"fr_FR","og_type":"article","og_title":"Suivez-nous pendant que nous pr\u00e9parons le m\u00e9tier \u00e0 tisser - Sagnlandet Lejre","og_description":"Avant de commencer \u00e0 tisser, il faut pr\u00e9parer le m\u00e9tier \u00e0 tisser. C&#8217;est un travail qui prend souvent plusieurs jours et qui peut n\u00e9cessiter plusieurs mains. Ce week-end, nos habitants de l&#8217;\u00e2ge du fer et nos artisans du textile installeront un m\u00e9tier \u00e0 tisser sp\u00e9cial dans l&#8217;une des maisons du village de l&#8217;\u00e2ge du fer [&hellip;]","og_url":"https:\/\/sagnlandet.dk\/fr\/blog\/events\/suivez-nous-pendant-que-nous-preparons-le-metier-a-tisser\/","og_site_name":"Sagnlandet Lejre","article_modified_time":"2025-03-26T11:25:03+00:00","og_image":[{"width":470,"height":570,"url":"https:\/\/sagnlandet.dk\/fr\/wp-content\/uploads\/sites\/12\/2025\/03\/forside-oplevelser-02-2.jpg","type":"image\/jpeg"}],"twitter_card":"summary_large_image","twitter_misc":{"Dur\u00e9e de lecture estim\u00e9e":"1 minute"},"schema":{"@context":"https:\/\/schema.org","@graph":[{"@type":"WebPage","@id":"https:\/\/sagnlandet.dk\/fr\/blog\/events\/suivez-nous-pendant-que-nous-preparons-le-metier-a-tisser\/","url":"https:\/\/sagnlandet.dk\/fr\/blog\/events\/suivez-nous-pendant-que-nous-preparons-le-metier-a-tisser\/","name":"Suivez-nous pendant que nous pr\u00e9parons le m\u00e9tier \u00e0 tisser - Sagnlandet Lejre","isPartOf":{"@id":"https:\/\/sagnlandet.dk\/fr\/#website"},"primaryImageOfPage":{"@id":"https:\/\/sagnlandet.dk\/fr\/blog\/events\/suivez-nous-pendant-que-nous-preparons-le-metier-a-tisser\/#primaryimage"},"image":{"@id":"https:\/\/sagnlandet.dk\/fr\/blog\/events\/suivez-nous-pendant-que-nous-preparons-le-metier-a-tisser\/#primaryimage"},"thumbnailUrl":"https:\/\/sagnlandet.dk\/fr\/wp-content\/uploads\/sites\/12\/2025\/03\/forside-oplevelser-02-2.jpg","datePublished":"2025-03-26T10:00:44+00:00","dateModified":"2025-03-26T11:25:03+00:00","breadcrumb":{"@id":"https:\/\/sagnlandet.dk\/fr\/blog\/events\/suivez-nous-pendant-que-nous-preparons-le-metier-a-tisser\/#breadcrumb"},"inLanguage":"fr-FR","potentialAction":[{"@type":"ReadAction","target":["https:\/\/sagnlandet.dk\/fr\/blog\/events\/suivez-nous-pendant-que-nous-preparons-le-metier-a-tisser\/"]}]},{"@type":"ImageObject","inLanguage":"fr-FR","@id":"https:\/\/sagnlandet.dk\/fr\/blog\/events\/suivez-nous-pendant-que-nous-preparons-le-metier-a-tisser\/#primaryimage","url":"https:\/\/sagnlandet.dk\/fr\/wp-content\/uploads\/sites\/12\/2025\/03\/forside-oplevelser-02-2.jpg","contentUrl":"https:\/\/sagnlandet.dk\/fr\/wp-content\/uploads\/sites\/12\/2025\/03\/forside-oplevelser-02-2.jpg","width":470,"height":570},{"@type":"BreadcrumbList","@id":"https:\/\/sagnlandet.dk\/fr\/blog\/events\/suivez-nous-pendant-que-nous-preparons-le-metier-a-tisser\/#breadcrumb","itemListElement":[{"@type":"ListItem","position":1,"name":"Hjem","item":"https:\/\/sagnlandet.dk\/fr\/"},{"@type":"ListItem","position":2,"name":"Events","item":"https:\/\/sagnlandet.dk\/fr\/blog\/events\/"},{"@type":"ListItem","position":3,"name":"Suivez-nous pendant que nous pr\u00e9parons le m\u00e9tier \u00e0 tisser"}]},{"@type":"WebSite","@id":"https:\/\/sagnlandet.dk\/fr\/#website","url":"https:\/\/sagnlandet.dk\/fr\/","name":"Sagnlandet Lejre","description":"","publisher":{"@id":"https:\/\/sagnlandet.dk\/fr\/#organization"},"potentialAction":[{"@type":"SearchAction","target":{"@type":"EntryPoint","urlTemplate":"https:\/\/sagnlandet.dk\/fr\/?s={search_term_string}"},"query-input":{"@type":"PropertyValueSpecification","valueRequired":true,"valueName":"search_term_string"}}],"inLanguage":"fr-FR"},{"@type":"Organization","@id":"https:\/\/sagnlandet.dk\/fr\/#organization","name":"Sagnlandet Lejre","url":"https:\/\/sagnlandet.dk\/fr\/","logo":{"@type":"ImageObject","inLanguage":"fr-FR","@id":"https:\/\/sagnlandet.dk\/fr\/#\/schema\/logo\/image\/","url":"https:\/\/sagnlandet.dk\/fr\/wp-content\/uploads\/sites\/12\/1738\/65\/logo.png","contentUrl":"https:\/\/sagnlandet.dk\/fr\/wp-content\/uploads\/sites\/12\/1738\/65\/logo.png","width":398,"height":143,"caption":"Sagnlandet Lejre"},"image":{"@id":"https:\/\/sagnlandet.dk\/fr\/#\/schema\/logo\/image\/"}}]}},"_links":{"self":[{"href":"https:\/\/sagnlandet.dk\/fr\/wp-json\/wp\/v2\/ajde_events\/71139"}],"collection":[{"href":"https:\/\/sagnlandet.dk\/fr\/wp-json\/wp\/v2\/ajde_events"}],"about":[{"href":"https:\/\/sagnlandet.dk\/fr\/wp-json\/wp\/v2\/types\/ajde_events"}],"author":[{"embeddable":true,"href":"https:\/\/sagnlandet.dk\/fr\/wp-json\/wp\/v2\/users\/4"}],"replies":[{"embeddable":true,"href":"https:\/\/sagnlandet.dk\/fr\/wp-json\/wp\/v2\/comments?post=71139"}],"wp:featuredmedia":[{"embeddable":true,"href":"https:\/\/sagnlandet.dk\/fr\/wp-json\/wp\/v2\/media\/71140"}],"wp:attachment":[{"href":"https:\/\/sagnlandet.dk\/fr\/wp-json\/wp\/v2\/media?parent=71139"}],"wp:term":[{"taxonomy":"post_tag","embeddable":true,"href":"https:\/\/sagnlandet.dk\/fr\/wp-json\/wp\/v2\/tags?post=71139"},{"taxonomy":"event_type","embeddable":true,"href":"https:\/\/sagnlandet.dk\/fr\/wp-json\/wp\/v2\/event_type?post=71139"},{"taxonomy":"event_type_2","embeddable":true,"href":"https:\/\/sagnlandet.dk\/fr\/wp-json\/wp\/v2\/event_type_2?post=71139"}],"curies":[{"name":"wp","href":"https:\/\/api.w.org\/{rel}","templated":true}]}}

Suivez-nous pendant que nous préparons le métier à tisser

<p>Avant de commencer à tisser, il faut préparer le métier à tisser. C&#8217;est un travail qui prend souvent plusieurs jours et qui peut nécessiter plusieurs mains. Ce week-end, nos habitants de l&#8217;âge du fer et nos artisans du textile installeront un métier à tisser spécial dans l&#8217;une des maisons du village de l&#8217;âge du fer et parleront du métier à tisser à deux perches, le type de métier à tisser utilisé au début de l&#8217;âge du fer. </p>

<!-- This site is optimized with the Yoast SEO plugin v23.5 - https://yoast.com/wordpress/plugins/seo/ -->
<title>Suivez-nous pendant que nous préparons le métier à tisser - Sagnlandet Lejre</title>
<meta name="robots" content="index, follow, max-snippet:-1, max-image-preview:large, max-video-preview:-1" />
<link rel="canonical" href="https://sagnlandet.dk/fr/blog/events/suivez-nous-pendant-que-nous-preparons-le-metier-a-tisser/" />
<meta property="og:locale" content="fr_FR" />
<meta property="og:type" content="article" />
<meta property="og:title" content="Suivez-nous pendant que nous préparons le métier à tisser - Sagnlandet Lejre" />
<meta property="og:description" content="Avant de commencer à tisser, il faut préparer le métier à tisser. C&#8217;est un travail qui prend souvent plusieurs jours et qui peut nécessiter plusieurs mains. Ce week-end, nos habitants de l&#8217;âge du fer et nos artisans du textile installeront un métier à tisser spécial dans l&#8217;une des maisons du village de l&#8217;âge du fer [&hellip;]" />
<meta property="og:url" content="https://sagnlandet.dk/fr/blog/events/suivez-nous-pendant-que-nous-preparons-le-metier-a-tisser/" />
<meta property="og:site_name" content="Sagnlandet Lejre" />
<meta property="article:modified_time" content="2025-03-26T11:25:03+00:00" />
<meta property="og:image" content="https://sagnlandet.dk/fr/wp-content/uploads/sites/12/2025/03/forside-oplevelser-02-2.jpg" />
	<meta property="og:image:width" content="470" />
	<meta property="og:image:height" content="570" />
	<meta property="og:image:type" content="image/jpeg" />
<meta name="twitter:card" content="summary_large_image" />
<meta name="twitter:label1" content="Durée de lecture estimée" />
	<meta name="twitter:data1" content="1 minute" />
<!-- / Yoast SEO plugin. -->

Suivez-nous pendant que nous préparons le métier à tisser - Sagnlandet Lejre

Avant de commencer à tisser, il faut préparer le métier à tisser. C&#8217;est un travail qui prend souvent plusieurs jours et qui peut nécessiter plusieurs mains. Ce week-end, nos habitants de l&#8217;âge du fer et nos artisans du textile installeront un métier à tisser spécial dans l&#8217;une des maisons du village de l&#8217;âge du fer [&hellip;]
