{"id":71306,"date":"2025-06-18T11:15:40","date_gmt":"2025-06-18T09:15:40","guid":{"rendered":"https:\/\/sagnlandet.dk\/de\/blog\/events\/menneskekaede-og-bronzealderceremoni-med-malmmesteren-jara\/"},"modified":"2025-06-18T11:17:43","modified_gmt":"2025-06-18T09:17:43","slug":"menneskekaede-og-bronzealderceremoni-med-malmmesteren-jara","status":"publish","type":"ajde_events","link":"https:\/\/sagnlandet.dk\/de\/blog\/events\/menneskekaede-og-bronzealderceremoni-med-malmmesteren-jara\/","title":{"rendered":"Menschenkette und Bronzezeit-Zeremonie mit dem Erzmeister Jara"},"content":{"rendered":"\n<p><\/p>\n\n\n\r\n\r\n<section class=\"standout-section standout-block standout-basic alignwide\">\r\n\r\n\t<div class=\"standout-max-container\">\t\r\n\r\n<div class=\"standout-block-inner\">\r\n\t\r\n\t\t\t\t\t\t<div class=\"acf-innerblocks-container\">\n\n<blockquote class=\"wp-block-quote is-layout-flow wp-block-quote-is-layout-flow\">\n<h2 class=\"wp-block-heading\"><strong><strong>Menschenkette und Bronzezeit-Zeremonie mit dem Erzmeister Jara<\/strong><\/strong><\/h2>\n<\/blockquote>\n\n\n\n<p>Folgt dem \u201eErzmeister\u201c und Bronzegie\u00dfer Jara, einem Priester der Bronzezeit, gemeinsam mit dem Volk der Vergangenheit in einer langen Menschenkette \u2013 der l\u00e4ngsten in D\u00e4nemark heute Abend \u2013 und reist 3.000 Jahre zur\u00fcck zum Sonnenkultplatz. Dort werden alle G\u00e4ste willkommen gehei\u00dfen und in eine stimmungsvolle Sommersonnenwendzeremonie eingebunden \u2013 ganz nah bei dem Sonnengott, mit Kl\u00e4ngen, T\u00f6nen und Bewegung.<\/p>\n\n<\/div>\r\n\t\t\t\r\n\t<\/div>\r\n\r\n\r\n\r\n\t\t<\/div>\r\n<\/section>\n\n\n<p><\/p>\n","protected":false},"author":1569,"featured_media":71307,"menu_order":0,"comment_status":"closed","ping_status":"closed","template":"","meta":{"_acf_changed":false},"tags":[],"event_type":[675,676],"event_type_2":[680],"class_list":["post-71306","ajde_events","type-ajde_events","status-publish","has-post-thumbnail","hentry","event_location-tanzlabyrinth-nr-21","event_type-675","event_type-veranstaltung","event_type_2-programm-der-saison"],"acf":[],"yoast_head":"<!-- This site is optimized with the Yoast SEO plugin v23.5 - https:\/\/yoast.com\/wordpress\/plugins\/seo\/ -->\n<title>Menschenkette und Bronzezeit-Zeremonie mit dem Erzmeister Jara - Sagnlandet Lejre<\/title>\n<meta name=\"robots\" content=\"index, follow, max-snippet:-1, max-image-preview:large, max-video-preview:-1\" \/>\n<link rel=\"canonical\" href=\"https:\/\/sagnlandet.dk\/de\/blog\/events\/menneskekaede-og-bronzealderceremoni-med-malmmesteren-jara\/\" \/>\n<meta property=\"og:locale\" content=\"de_DE\" \/>\n<meta property=\"og:type\" content=\"article\" \/>\n<meta property=\"og:title\" content=\"Menschenkette und Bronzezeit-Zeremonie mit dem Erzmeister Jara - Sagnlandet Lejre\" \/>\n<meta property=\"og:url\" content=\"https:\/\/sagnlandet.dk\/de\/blog\/events\/menneskekaede-og-bronzealderceremoni-med-malmmesteren-jara\/\" \/>\n<meta property=\"og:site_name\" content=\"Sagnlandet Lejre\" \/>\n<meta property=\"article:modified_time\" content=\"2025-06-18T09:17:43+00:00\" \/>\n<meta property=\"og:image\" content=\"https:\/\/sagnlandet.dk\/de\/wp-content\/uploads\/sites\/13\/2025\/06\/Sankt-Hans-2024-12-1-scaled.jpg\" \/>\n\t<meta property=\"og:image:width\" content=\"2560\" \/>\n\t<meta property=\"og:image:height\" content=\"1708\" \/>\n\t<meta property=\"og:image:type\" content=\"image\/jpeg\" \/>\n<meta name=\"twitter:card\" content=\"summary_large_image\" \/>\n<meta name=\"twitter:label1\" content=\"Gesch\u00e4tzte Lesezeit\" \/>\n\t<meta name=\"twitter:data1\" content=\"1\u00a0Minute\" \/>\n<!-- \/ Yoast SEO plugin. -->","yoast_head_json":{"title":"Menschenkette und Bronzezeit-Zeremonie mit dem Erzmeister Jara - Sagnlandet Lejre","robots":{"index":"index","follow":"follow","max-snippet":"max-snippet:-1","max-image-preview":"max-image-preview:large","max-video-preview":"max-video-preview:-1"},"canonical":"https:\/\/sagnlandet.dk\/de\/blog\/events\/menneskekaede-og-bronzealderceremoni-med-malmmesteren-jara\/","og_locale":"de_DE","og_type":"article","og_title":"Menschenkette und Bronzezeit-Zeremonie mit dem Erzmeister Jara - Sagnlandet Lejre","og_url":"https:\/\/sagnlandet.dk\/de\/blog\/events\/menneskekaede-og-bronzealderceremoni-med-malmmesteren-jara\/","og_site_name":"Sagnlandet Lejre","article_modified_time":"2025-06-18T09:17:43+00:00","og_image":[{"width":2560,"height":1708,"url":"https:\/\/sagnlandet.dk\/de\/wp-content\/uploads\/sites\/13\/2025\/06\/Sankt-Hans-2024-12-1-scaled.jpg","type":"image\/jpeg"}],"twitter_card":"summary_large_image","twitter_misc":{"Gesch\u00e4tzte Lesezeit":"1\u00a0Minute"},"schema":{"@context":"https:\/\/schema.org","@graph":[{"@type":"WebPage","@id":"https:\/\/sagnlandet.dk\/de\/blog\/events\/menneskekaede-og-bronzealderceremoni-med-malmmesteren-jara\/","url":"https:\/\/sagnlandet.dk\/de\/blog\/events\/menneskekaede-og-bronzealderceremoni-med-malmmesteren-jara\/","name":"Menschenkette und Bronzezeit-Zeremonie mit dem Erzmeister Jara - Sagnlandet Lejre","isPartOf":{"@id":"https:\/\/sagnlandet.dk\/de\/#website"},"primaryImageOfPage":{"@id":"https:\/\/sagnlandet.dk\/de\/blog\/events\/menneskekaede-og-bronzealderceremoni-med-malmmesteren-jara\/#primaryimage"},"image":{"@id":"https:\/\/sagnlandet.dk\/de\/blog\/events\/menneskekaede-og-bronzealderceremoni-med-malmmesteren-jara\/#primaryimage"},"thumbnailUrl":"https:\/\/sagnlandet.dk\/de\/wp-content\/uploads\/sites\/13\/2025\/06\/Sankt-Hans-2024-12-1-scaled.jpg","datePublished":"2025-06-18T09:15:40+00:00","dateModified":"2025-06-18T09:17:43+00:00","breadcrumb":{"@id":"https:\/\/sagnlandet.dk\/de\/blog\/events\/menneskekaede-og-bronzealderceremoni-med-malmmesteren-jara\/#breadcrumb"},"inLanguage":"de","potentialAction":[{"@type":"ReadAction","target":["https:\/\/sagnlandet.dk\/de\/blog\/events\/menneskekaede-og-bronzealderceremoni-med-malmmesteren-jara\/"]}]},{"@type":"ImageObject","inLanguage":"de","@id":"https:\/\/sagnlandet.dk\/de\/blog\/events\/menneskekaede-og-bronzealderceremoni-med-malmmesteren-jara\/#primaryimage","url":"https:\/\/sagnlandet.dk\/de\/wp-content\/uploads\/sites\/13\/2025\/06\/Sankt-Hans-2024-12-1-scaled.jpg","contentUrl":"https:\/\/sagnlandet.dk\/de\/wp-content\/uploads\/sites\/13\/2025\/06\/Sankt-Hans-2024-12-1-scaled.jpg","width":2560,"height":1708},{"@type":"BreadcrumbList","@id":"https:\/\/sagnlandet.dk\/de\/blog\/events\/menneskekaede-og-bronzealderceremoni-med-malmmesteren-jara\/#breadcrumb","itemListElement":[{"@type":"ListItem","position":1,"name":"Hjem","item":"https:\/\/sagnlandet.dk\/de\/"},{"@type":"ListItem","position":2,"name":"Events","item":"https:\/\/sagnlandet.dk\/de\/blog\/events\/"},{"@type":"ListItem","position":3,"name":"Menschenkette und Bronzezeit-Zeremonie mit dem Erzmeister Jara"}]},{"@type":"WebSite","@id":"https:\/\/sagnlandet.dk\/de\/#website","url":"https:\/\/sagnlandet.dk\/de\/","name":"Sagnlandet Lejre","description":"","publisher":{"@id":"https:\/\/sagnlandet.dk\/de\/#organization"},"potentialAction":[{"@type":"SearchAction","target":{"@type":"EntryPoint","urlTemplate":"https:\/\/sagnlandet.dk\/de\/?s={search_term_string}"},"query-input":{"@type":"PropertyValueSpecification","valueRequired":true,"valueName":"search_term_string"}}],"inLanguage":"de"},{"@type":"Organization","@id":"https:\/\/sagnlandet.dk\/de\/#organization","name":"Sagnlandet Lejre","url":"https:\/\/sagnlandet.dk\/de\/","logo":{"@type":"ImageObject","inLanguage":"de","@id":"https:\/\/sagnlandet.dk\/de\/#\/schema\/logo\/image\/","url":"https:\/\/sagnlandet.dk\/de\/wp-content\/uploads\/sites\/13\/1738\/65\/logo.png","contentUrl":"https:\/\/sagnlandet.dk\/de\/wp-content\/uploads\/sites\/13\/1738\/65\/logo.png","width":398,"height":143,"caption":"Sagnlandet Lejre"},"image":{"@id":"https:\/\/sagnlandet.dk\/de\/#\/schema\/logo\/image\/"}}]}},"_links":{"self":[{"href":"https:\/\/sagnlandet.dk\/de\/wp-json\/wp\/v2\/ajde_events\/71306"}],"collection":[{"href":"https:\/\/sagnlandet.dk\/de\/wp-json\/wp\/v2\/ajde_events"}],"about":[{"href":"https:\/\/sagnlandet.dk\/de\/wp-json\/wp\/v2\/types\/ajde_events"}],"author":[{"embeddable":true,"href":"https:\/\/sagnlandet.dk\/de\/wp-json\/wp\/v2\/users\/1569"}],"replies":[{"embeddable":true,"href":"https:\/\/sagnlandet.dk\/de\/wp-json\/wp\/v2\/comments?post=71306"}],"wp:featuredmedia":[{"embeddable":true,"href":"https:\/\/sagnlandet.dk\/de\/wp-json\/wp\/v2\/media\/71307"}],"wp:attachment":[{"href":"https:\/\/sagnlandet.dk\/de\/wp-json\/wp\/v2\/media?parent=71306"}],"wp:term":[{"taxonomy":"post_tag","embeddable":true,"href":"https:\/\/sagnlandet.dk\/de\/wp-json\/wp\/v2\/tags?post=71306"},{"taxonomy":"event_type","embeddable":true,"href":"https:\/\/sagnlandet.dk\/de\/wp-json\/wp\/v2\/event_type?post=71306"},{"taxonomy":"event_type_2","embeddable":true,"href":"https:\/\/sagnlandet.dk\/de\/wp-json\/wp\/v2\/event_type_2?post=71306"}],"curies":[{"name":"wp","href":"https:\/\/api.w.org\/{rel}","templated":true}]}}

<p></p>




<section class="standout-section standout-block standout-basic alignwide">

	<div class="standout-max-container">	

<div class="standout-block-inner">
	
						<div class="acf-innerblocks-container">

<blockquote class="wp-block-quote is-layout-flow wp-block-quote-is-layout-flow">
<h2 class="wp-block-heading"><strong><strong>Menschenkette und Bronzezeit-Zeremonie mit dem Erzmeister Jara</strong></strong></h2>
</blockquote>



<p>Folgt dem „Erzmeister“ und Bronzegießer Jara, einem Priester der Bronzezeit, gemeinsam mit dem Volk der Vergangenheit in einer langen Menschenkette – der längsten in Dänemark heute Abend – und reist 3.000 Jahre zurück zum Sonnenkultplatz. Dort werden alle Gäste willkommen geheißen und in eine stimmungsvolle Sommersonnenwendzeremonie eingebunden – ganz nah bei dem Sonnengott, mit Klängen, Tönen und Bewegung.</p>

</div>
			
	</div>



		</div>
</section>


<p></p>

<!-- This site is optimized with the Yoast SEO plugin v23.5 - https://yoast.com/wordpress/plugins/seo/ -->
<title>Menschenkette und Bronzezeit-Zeremonie mit dem Erzmeister Jara - Sagnlandet Lejre</title>
<meta name="robots" content="index, follow, max-snippet:-1, max-image-preview:large, max-video-preview:-1" />
<link rel="canonical" href="https://sagnlandet.dk/de/blog/events/menneskekaede-og-bronzealderceremoni-med-malmmesteren-jara/" />
<meta property="og:locale" content="de_DE" />
<meta property="og:type" content="article" />
<meta property="og:title" content="Menschenkette und Bronzezeit-Zeremonie mit dem Erzmeister Jara - Sagnlandet Lejre" />
<meta property="og:url" content="https://sagnlandet.dk/de/blog/events/menneskekaede-og-bronzealderceremoni-med-malmmesteren-jara/" />
<meta property="og:site_name" content="Sagnlandet Lejre" />
<meta property="article:modified_time" content="2025-06-18T09:17:43+00:00" />
<meta property="og:image" content="https://sagnlandet.dk/de/wp-content/uploads/sites/13/2025/06/Sankt-Hans-2024-12-1-scaled.jpg" />
	<meta property="og:image:width" content="2560" />
	<meta property="og:image:height" content="1708" />
	<meta property="og:image:type" content="image/jpeg" />
<meta name="twitter:card" content="summary_large_image" />
<meta name="twitter:label1" content="Geschätzte Lesezeit" />
	<meta name="twitter:data1" content="1 Minute" />
<!-- / Yoast SEO plugin. -->
