{"id":71192,"date":"2025-04-24T14:18:10","date_gmt":"2025-04-24T12:18:10","guid":{"rendered":"https:\/\/sagnlandet.dk\/de\/blog\/events\/om-loven-i-vikingetiden-pinse-i-sagnlandet-lejre\/"},"modified":"2025-05-20T16:01:50","modified_gmt":"2025-05-20T14:01:50","slug":"erzaehlwochenende-in-pfingsten-die-wikinger-sprechen","status":"publish","type":"ajde_events","link":"https:\/\/sagnlandet.dk\/de\/blog\/events\/erzaehlwochenende-in-pfingsten-die-wikinger-sprechen\/","title":{"rendered":"Erz\u00e4hlwochenende in Pfingsten &#8211; die Wikinger sprechen!"},"content":{"rendered":"\n<p><\/p>\n\n\n\r\n\r\n<section class=\"standout-section standout-block standout-basic alignwide\">\r\n\r\n\t<div class=\"standout-max-container\">\t\r\n\r\n<div class=\"standout-block-inner\">\r\n\t\r\n\t\t\t\t\t\t<div class=\"acf-innerblocks-container\">\n\n<blockquote class=\"wp-block-quote is-layout-flow wp-block-quote-is-layout-flow\">\n<h2 class=\"wp-block-heading\">M\u00e4rchenwochenende in Pfingsten &#8211; die Wikinger sprechen!<\/h2>\n<\/blockquote>\n\n\n\n<p>Lassen Sie sich in die Wikingerzeit zur\u00fcckversetzen, wenn Lejre Land of Legends Sie zu einem stimmungsvollen Erz\u00e4hlwochenende in Pfingsten einl\u00e4dt.<\/p>\n\n\n\n<p>Die Wikinger ergreifen im m\u00e4chtigen K\u00f6nigssaal das Wort und erz\u00e4hlen dramatische Geschichten von <strong>Lindw\u00fcrmern, Helden und Rache<\/strong>.<br>Erleben Sie das Knistern des Feuers, den Tanz des Rauchs und die Fl\u00fcgel der Geschichte, wenn die gro\u00dfen Erz\u00e4hlungen in Worten und Gesten wieder auferstehen.<\/p>\n\n<\/div>\r\n\t\t\t\r\n\t<\/div>\r\n\r\n\r\n\r\n\t\t<\/div>\r\n<\/section>\n\n\n<p><\/p>\n","protected":false},"author":1569,"featured_media":71194,"menu_order":0,"comment_status":"closed","ping_status":"closed","template":"","meta":{"_acf_changed":false},"tags":[],"event_type":[676,679],"event_type_2":[680],"class_list":["post-71192","ajde_events","type-ajde_events","status-publish","has-post-thumbnail","hentry","event_location-kings-hall-nr-5","event_type-veranstaltung","event_type-wikingerzeit","event_type_2-programm-der-saison"],"acf":[],"yoast_head":"<!-- This site is optimized with the Yoast SEO plugin v23.5 - https:\/\/yoast.com\/wordpress\/plugins\/seo\/ -->\n<title>Erz\u00e4hlwochenende in Pfingsten - die Wikinger sprechen! - Sagnlandet Lejre<\/title>\n<meta name=\"robots\" content=\"index, follow, max-snippet:-1, max-image-preview:large, max-video-preview:-1\" \/>\n<link rel=\"canonical\" href=\"https:\/\/sagnlandet.dk\/de\/blog\/events\/erzaehlwochenende-in-pfingsten-die-wikinger-sprechen\/\" \/>\n<meta property=\"og:locale\" content=\"de_DE\" \/>\n<meta property=\"og:type\" content=\"article\" \/>\n<meta property=\"og:title\" content=\"Erz\u00e4hlwochenende in Pfingsten - die Wikinger sprechen! - Sagnlandet Lejre\" \/>\n<meta property=\"og:url\" content=\"https:\/\/sagnlandet.dk\/de\/blog\/events\/erzaehlwochenende-in-pfingsten-die-wikinger-sprechen\/\" \/>\n<meta property=\"og:site_name\" content=\"Sagnlandet Lejre\" \/>\n<meta property=\"article:modified_time\" content=\"2025-05-20T14:01:50+00:00\" \/>\n<meta property=\"og:image\" content=\"https:\/\/sagnlandet.dk\/de\/wp-content\/uploads\/sites\/13\/2025\/04\/fortaelling-scaled-1.jpg\" \/>\n\t<meta property=\"og:image:width\" content=\"2560\" \/>\n\t<meta property=\"og:image:height\" content=\"1746\" \/>\n\t<meta property=\"og:image:type\" content=\"image\/jpeg\" \/>\n<meta name=\"twitter:card\" content=\"summary_large_image\" \/>\n<meta name=\"twitter:label1\" content=\"Gesch\u00e4tzte Lesezeit\" \/>\n\t<meta name=\"twitter:data1\" content=\"1\u00a0Minute\" \/>\n<!-- \/ Yoast SEO plugin. -->","yoast_head_json":{"title":"Erz\u00e4hlwochenende in Pfingsten - die Wikinger sprechen! - Sagnlandet Lejre","robots":{"index":"index","follow":"follow","max-snippet":"max-snippet:-1","max-image-preview":"max-image-preview:large","max-video-preview":"max-video-preview:-1"},"canonical":"https:\/\/sagnlandet.dk\/de\/blog\/events\/erzaehlwochenende-in-pfingsten-die-wikinger-sprechen\/","og_locale":"de_DE","og_type":"article","og_title":"Erz\u00e4hlwochenende in Pfingsten - die Wikinger sprechen! - Sagnlandet Lejre","og_url":"https:\/\/sagnlandet.dk\/de\/blog\/events\/erzaehlwochenende-in-pfingsten-die-wikinger-sprechen\/","og_site_name":"Sagnlandet Lejre","article_modified_time":"2025-05-20T14:01:50+00:00","og_image":[{"width":2560,"height":1746,"url":"https:\/\/sagnlandet.dk\/de\/wp-content\/uploads\/sites\/13\/2025\/04\/fortaelling-scaled-1.jpg","type":"image\/jpeg"}],"twitter_card":"summary_large_image","twitter_misc":{"Gesch\u00e4tzte Lesezeit":"1\u00a0Minute"},"schema":{"@context":"https:\/\/schema.org","@graph":[{"@type":"WebPage","@id":"https:\/\/sagnlandet.dk\/de\/blog\/events\/erzaehlwochenende-in-pfingsten-die-wikinger-sprechen\/","url":"https:\/\/sagnlandet.dk\/de\/blog\/events\/erzaehlwochenende-in-pfingsten-die-wikinger-sprechen\/","name":"Erz\u00e4hlwochenende in Pfingsten - die Wikinger sprechen! - Sagnlandet Lejre","isPartOf":{"@id":"https:\/\/sagnlandet.dk\/de\/#website"},"primaryImageOfPage":{"@id":"https:\/\/sagnlandet.dk\/de\/blog\/events\/erzaehlwochenende-in-pfingsten-die-wikinger-sprechen\/#primaryimage"},"image":{"@id":"https:\/\/sagnlandet.dk\/de\/blog\/events\/erzaehlwochenende-in-pfingsten-die-wikinger-sprechen\/#primaryimage"},"thumbnailUrl":"https:\/\/sagnlandet.dk\/de\/wp-content\/uploads\/sites\/13\/2025\/04\/fortaelling-scaled-1.jpg","datePublished":"2025-04-24T12:18:10+00:00","dateModified":"2025-05-20T14:01:50+00:00","breadcrumb":{"@id":"https:\/\/sagnlandet.dk\/de\/blog\/events\/erzaehlwochenende-in-pfingsten-die-wikinger-sprechen\/#breadcrumb"},"inLanguage":"de","potentialAction":[{"@type":"ReadAction","target":["https:\/\/sagnlandet.dk\/de\/blog\/events\/erzaehlwochenende-in-pfingsten-die-wikinger-sprechen\/"]}]},{"@type":"ImageObject","inLanguage":"de","@id":"https:\/\/sagnlandet.dk\/de\/blog\/events\/erzaehlwochenende-in-pfingsten-die-wikinger-sprechen\/#primaryimage","url":"https:\/\/sagnlandet.dk\/de\/wp-content\/uploads\/sites\/13\/2025\/04\/fortaelling-scaled-1.jpg","contentUrl":"https:\/\/sagnlandet.dk\/de\/wp-content\/uploads\/sites\/13\/2025\/04\/fortaelling-scaled-1.jpg","width":2560,"height":1746},{"@type":"BreadcrumbList","@id":"https:\/\/sagnlandet.dk\/de\/blog\/events\/erzaehlwochenende-in-pfingsten-die-wikinger-sprechen\/#breadcrumb","itemListElement":[{"@type":"ListItem","position":1,"name":"Hjem","item":"https:\/\/sagnlandet.dk\/de\/"},{"@type":"ListItem","position":2,"name":"Events","item":"https:\/\/sagnlandet.dk\/de\/blog\/events\/"},{"@type":"ListItem","position":3,"name":"Erz\u00e4hlwochenende in Pfingsten &#8211; die Wikinger sprechen!"}]},{"@type":"WebSite","@id":"https:\/\/sagnlandet.dk\/de\/#website","url":"https:\/\/sagnlandet.dk\/de\/","name":"Sagnlandet Lejre","description":"","publisher":{"@id":"https:\/\/sagnlandet.dk\/de\/#organization"},"potentialAction":[{"@type":"SearchAction","target":{"@type":"EntryPoint","urlTemplate":"https:\/\/sagnlandet.dk\/de\/?s={search_term_string}"},"query-input":{"@type":"PropertyValueSpecification","valueRequired":true,"valueName":"search_term_string"}}],"inLanguage":"de"},{"@type":"Organization","@id":"https:\/\/sagnlandet.dk\/de\/#organization","name":"Sagnlandet Lejre","url":"https:\/\/sagnlandet.dk\/de\/","logo":{"@type":"ImageObject","inLanguage":"de","@id":"https:\/\/sagnlandet.dk\/de\/#\/schema\/logo\/image\/","url":"https:\/\/sagnlandet.dk\/de\/wp-content\/uploads\/sites\/13\/1738\/65\/logo.png","contentUrl":"https:\/\/sagnlandet.dk\/de\/wp-content\/uploads\/sites\/13\/1738\/65\/logo.png","width":398,"height":143,"caption":"Sagnlandet Lejre"},"image":{"@id":"https:\/\/sagnlandet.dk\/de\/#\/schema\/logo\/image\/"}}]}},"_links":{"self":[{"href":"https:\/\/sagnlandet.dk\/de\/wp-json\/wp\/v2\/ajde_events\/71192"}],"collection":[{"href":"https:\/\/sagnlandet.dk\/de\/wp-json\/wp\/v2\/ajde_events"}],"about":[{"href":"https:\/\/sagnlandet.dk\/de\/wp-json\/wp\/v2\/types\/ajde_events"}],"author":[{"embeddable":true,"href":"https:\/\/sagnlandet.dk\/de\/wp-json\/wp\/v2\/users\/1569"}],"replies":[{"embeddable":true,"href":"https:\/\/sagnlandet.dk\/de\/wp-json\/wp\/v2\/comments?post=71192"}],"wp:featuredmedia":[{"embeddable":true,"href":"https:\/\/sagnlandet.dk\/de\/wp-json\/wp\/v2\/media\/71194"}],"wp:attachment":[{"href":"https:\/\/sagnlandet.dk\/de\/wp-json\/wp\/v2\/media?parent=71192"}],"wp:term":[{"taxonomy":"post_tag","embeddable":true,"href":"https:\/\/sagnlandet.dk\/de\/wp-json\/wp\/v2\/tags?post=71192"},{"taxonomy":"event_type","embeddable":true,"href":"https:\/\/sagnlandet.dk\/de\/wp-json\/wp\/v2\/event_type?post=71192"},{"taxonomy":"event_type_2","embeddable":true,"href":"https:\/\/sagnlandet.dk\/de\/wp-json\/wp\/v2\/event_type_2?post=71192"}],"curies":[{"name":"wp","href":"https:\/\/api.w.org\/{rel}","templated":true}]}}

Erzählwochenende in Pfingsten &#8211; die Wikinger sprechen!

<p></p>




<section class="standout-section standout-block standout-basic alignwide">

	<div class="standout-max-container">	

<div class="standout-block-inner">
	
						<div class="acf-innerblocks-container">

<blockquote class="wp-block-quote is-layout-flow wp-block-quote-is-layout-flow">
<h2 class="wp-block-heading">Märchenwochenende in Pfingsten &#8211; die Wikinger sprechen!</h2>
</blockquote>



<p>Lassen Sie sich in die Wikingerzeit zurückversetzen, wenn Lejre Land of Legends Sie zu einem stimmungsvollen Erzählwochenende in Pfingsten einlädt.</p>



<p>Die Wikinger ergreifen im mächtigen Königssaal das Wort und erzählen dramatische Geschichten von <strong>Lindwürmern, Helden und Rache</strong>.<br>Erleben Sie das Knistern des Feuers, den Tanz des Rauchs und die Flügel der Geschichte, wenn die großen Erzählungen in Worten und Gesten wieder auferstehen.</p>

</div>
			
	</div>



		</div>
</section>


<p></p>

<!-- This site is optimized with the Yoast SEO plugin v23.5 - https://yoast.com/wordpress/plugins/seo/ -->
<title>Erzählwochenende in Pfingsten - die Wikinger sprechen! - Sagnlandet Lejre</title>
<meta name="robots" content="index, follow, max-snippet:-1, max-image-preview:large, max-video-preview:-1" />
<link rel="canonical" href="https://sagnlandet.dk/de/blog/events/erzaehlwochenende-in-pfingsten-die-wikinger-sprechen/" />
<meta property="og:locale" content="de_DE" />
<meta property="og:type" content="article" />
<meta property="og:title" content="Erzählwochenende in Pfingsten - die Wikinger sprechen! - Sagnlandet Lejre" />
<meta property="og:url" content="https://sagnlandet.dk/de/blog/events/erzaehlwochenende-in-pfingsten-die-wikinger-sprechen/" />
<meta property="og:site_name" content="Sagnlandet Lejre" />
<meta property="article:modified_time" content="2025-05-20T14:01:50+00:00" />
<meta property="og:image" content="https://sagnlandet.dk/de/wp-content/uploads/sites/13/2025/04/fortaelling-scaled-1.jpg" />
	<meta property="og:image:width" content="2560" />
	<meta property="og:image:height" content="1746" />
	<meta property="og:image:type" content="image/jpeg" />
<meta name="twitter:card" content="summary_large_image" />
<meta name="twitter:label1" content="Geschätzte Lesezeit" />
	<meta name="twitter:data1" content="1 Minute" />
<!-- / Yoast SEO plugin. -->

Erzählwochenende in Pfingsten - die Wikinger sprechen! - Sagnlandet Lejre
