{"id":71183,"date":"2025-04-24T13:23:24","date_gmt":"2025-04-24T11:23:24","guid":{"rendered":"https:\/\/sagnlandet.dk\/de\/blog\/events\/kom-til-kartegilde-og-maerk-historiens-varme-mellem-haenderne\/"},"modified":"2025-04-24T13:28:24","modified_gmt":"2025-04-24T11:28:24","slug":"kommen-sie-zur-krempelparty-und-spueren-sie-die-waerme-der-geschichte-in-ihren-haenden","status":"publish","type":"ajde_events","link":"https:\/\/sagnlandet.dk\/de\/blog\/events\/kommen-sie-zur-krempelparty-und-spueren-sie-die-waerme-der-geschichte-in-ihren-haenden\/","title":{"rendered":"Kommen Sie zur Krempelparty und sp\u00fcren Sie die W\u00e4rme der Geschichte in Ihren H\u00e4nden!"},"content":{"rendered":"\n<p><\/p>\n\n\n\r\n\r\n<section class=\"standout-section standout-block standout-basic alignwide\">\r\n\r\n\t<div class=\"standout-max-container\">\t\r\n\r\n<div class=\"standout-block-inner\">\r\n\t\r\n\t\t\t\t\t\t<div class=\"acf-innerblocks-container\">\n\n<blockquote class=\"wp-block-quote is-layout-flow wp-block-quote-is-layout-flow\">\n<h2 class=\"wp-block-heading\"><strong>Kommen Sie zum Kardierfest und sp\u00fcren Sie die W\u00e4rme der Geschichte in Ihren H\u00e4nden!<\/strong><\/h2>\n<\/blockquote>\n\n\n\n<p>Sobald die Schafe geschoren sind, beginnt die lange Reise von der Wolle zur Socke. Fr\u00fcher wurde die Wolle oft \u00fcber den Sommer versteckt, wenn die Felder und Tiere die ganze Arbeit machten. Doch nach Michaeli, am 29. September, begann das Abendbrot &#8211; und damit auch die Verarbeitung der Wolle.<\/p>\n\n\n\n<p>In der Kardiergilde wurde die Wolle zun\u00e4chst gerupft, gezupft und vorgek\u00e4mmt, bevor sie zu feinem Tuch gek\u00e4mmt wurde, das dann gesponnen und gestrickt werden konnte. An einem Wintertag konnte man ein Pfund Wolle kardieren &#8211; und ein Schaf lieferte zwei bis vier Pfund. Wenn man zu viel hatte, konnte man eine alte Frau in der Nachbarschaft bitten, einem gegen Essen auszuhelfen. Man konnte aber auch Leute zu einer <strong>Kardierparty<\/strong> einladen &#8211; die M\u00e4dchen der \u00f6rtlichen Jugendgruppe kamen und kardierten zu Liedern, Gel\u00e4chter und Wettbewerben. Auch die jungen M\u00e4nner kamen, mit ihren selbst gestrickten Socken in der Hand, und man verbrachte den Abend in guter Gesellschaft.<\/p>\n\n\n\n<p><strong>In Lejre Land of Legends k\u00f6nnen Sie von 14.30 bis 15.30 Uhr eine Kardegilde erleben.<\/strong><br>Lernen Sie zu kardieren, h\u00f6ren Sie die Geschichten und seien Sie Teil der gemeinsamen Anstrengung, die das Winterstricken m\u00f6glich gemacht hat.<\/p>\n\n<\/div>\r\n\t\t\t\r\n\t<\/div>\r\n\r\n\r\n\r\n\t\t<\/div>\r\n<\/section>\n\n\n<p><\/p>\n","protected":false},"author":1569,"featured_media":71185,"menu_order":0,"comment_status":"closed","ping_status":"closed","template":"","meta":{"_acf_changed":false},"tags":[],"event_type":[675,676],"event_type_2":[],"class_list":["post-71183","ajde_events","type-ajde_events","status-publish","has-post-thumbnail","hentry","event_location-landbohusene-krikkebjerghuse-nr-19","event_type-675","event_type-veranstaltung"],"acf":[],"yoast_head":"<!-- This site is optimized with the Yoast SEO plugin v23.5 - https:\/\/yoast.com\/wordpress\/plugins\/seo\/ -->\n<title>Kommen Sie zur Krempelparty und sp\u00fcren Sie die W\u00e4rme der Geschichte in Ihren H\u00e4nden! - Sagnlandet Lejre<\/title>\n<meta name=\"robots\" content=\"index, follow, max-snippet:-1, max-image-preview:large, max-video-preview:-1\" \/>\n<link rel=\"canonical\" href=\"https:\/\/sagnlandet.dk\/de\/blog\/events\/kommen-sie-zur-krempelparty-und-spueren-sie-die-waerme-der-geschichte-in-ihren-haenden\/\" \/>\n<meta property=\"og:locale\" content=\"de_DE\" \/>\n<meta property=\"og:type\" content=\"article\" \/>\n<meta property=\"og:title\" content=\"Kommen Sie zur Krempelparty und sp\u00fcren Sie die W\u00e4rme der Geschichte in Ihren H\u00e4nden! - Sagnlandet Lejre\" \/>\n<meta property=\"og:url\" content=\"https:\/\/sagnlandet.dk\/de\/blog\/events\/kommen-sie-zur-krempelparty-und-spueren-sie-die-waerme-der-geschichte-in-ihren-haenden\/\" \/>\n<meta property=\"og:site_name\" content=\"Sagnlandet Lejre\" \/>\n<meta property=\"article:modified_time\" content=\"2025-04-24T11:28:24+00:00\" \/>\n<meta property=\"og:image\" content=\"https:\/\/sagnlandet.dk\/de\/wp-content\/uploads\/sites\/13\/2025\/04\/Faareklipning-27-07-2015-07-scaled-1.jpg\" \/>\n\t<meta property=\"og:image:width\" content=\"2560\" \/>\n\t<meta property=\"og:image:height\" content=\"1707\" \/>\n\t<meta property=\"og:image:type\" content=\"image\/jpeg\" \/>\n<meta name=\"twitter:card\" content=\"summary_large_image\" \/>\n<!-- \/ Yoast SEO plugin. -->","yoast_head_json":{"title":"Kommen Sie zur Krempelparty und sp\u00fcren Sie die W\u00e4rme der Geschichte in Ihren H\u00e4nden! - Sagnlandet Lejre","robots":{"index":"index","follow":"follow","max-snippet":"max-snippet:-1","max-image-preview":"max-image-preview:large","max-video-preview":"max-video-preview:-1"},"canonical":"https:\/\/sagnlandet.dk\/de\/blog\/events\/kommen-sie-zur-krempelparty-und-spueren-sie-die-waerme-der-geschichte-in-ihren-haenden\/","og_locale":"de_DE","og_type":"article","og_title":"Kommen Sie zur Krempelparty und sp\u00fcren Sie die W\u00e4rme der Geschichte in Ihren H\u00e4nden! - Sagnlandet Lejre","og_url":"https:\/\/sagnlandet.dk\/de\/blog\/events\/kommen-sie-zur-krempelparty-und-spueren-sie-die-waerme-der-geschichte-in-ihren-haenden\/","og_site_name":"Sagnlandet Lejre","article_modified_time":"2025-04-24T11:28:24+00:00","og_image":[{"width":2560,"height":1707,"url":"https:\/\/sagnlandet.dk\/de\/wp-content\/uploads\/sites\/13\/2025\/04\/Faareklipning-27-07-2015-07-scaled-1.jpg","type":"image\/jpeg"}],"twitter_card":"summary_large_image","schema":{"@context":"https:\/\/schema.org","@graph":[{"@type":"WebPage","@id":"https:\/\/sagnlandet.dk\/de\/blog\/events\/kommen-sie-zur-krempelparty-und-spueren-sie-die-waerme-der-geschichte-in-ihren-haenden\/","url":"https:\/\/sagnlandet.dk\/de\/blog\/events\/kommen-sie-zur-krempelparty-und-spueren-sie-die-waerme-der-geschichte-in-ihren-haenden\/","name":"Kommen Sie zur Krempelparty und sp\u00fcren Sie die W\u00e4rme der Geschichte in Ihren H\u00e4nden! - Sagnlandet Lejre","isPartOf":{"@id":"https:\/\/sagnlandet.dk\/de\/#website"},"primaryImageOfPage":{"@id":"https:\/\/sagnlandet.dk\/de\/blog\/events\/kommen-sie-zur-krempelparty-und-spueren-sie-die-waerme-der-geschichte-in-ihren-haenden\/#primaryimage"},"image":{"@id":"https:\/\/sagnlandet.dk\/de\/blog\/events\/kommen-sie-zur-krempelparty-und-spueren-sie-die-waerme-der-geschichte-in-ihren-haenden\/#primaryimage"},"thumbnailUrl":"https:\/\/sagnlandet.dk\/de\/wp-content\/uploads\/sites\/13\/2025\/04\/Faareklipning-27-07-2015-07-scaled-1.jpg","datePublished":"2025-04-24T11:23:24+00:00","dateModified":"2025-04-24T11:28:24+00:00","breadcrumb":{"@id":"https:\/\/sagnlandet.dk\/de\/blog\/events\/kommen-sie-zur-krempelparty-und-spueren-sie-die-waerme-der-geschichte-in-ihren-haenden\/#breadcrumb"},"inLanguage":"de","potentialAction":[{"@type":"ReadAction","target":["https:\/\/sagnlandet.dk\/de\/blog\/events\/kommen-sie-zur-krempelparty-und-spueren-sie-die-waerme-der-geschichte-in-ihren-haenden\/"]}]},{"@type":"ImageObject","inLanguage":"de","@id":"https:\/\/sagnlandet.dk\/de\/blog\/events\/kommen-sie-zur-krempelparty-und-spueren-sie-die-waerme-der-geschichte-in-ihren-haenden\/#primaryimage","url":"https:\/\/sagnlandet.dk\/de\/wp-content\/uploads\/sites\/13\/2025\/04\/Faareklipning-27-07-2015-07-scaled-1.jpg","contentUrl":"https:\/\/sagnlandet.dk\/de\/wp-content\/uploads\/sites\/13\/2025\/04\/Faareklipning-27-07-2015-07-scaled-1.jpg","width":2560,"height":1707},{"@type":"BreadcrumbList","@id":"https:\/\/sagnlandet.dk\/de\/blog\/events\/kommen-sie-zur-krempelparty-und-spueren-sie-die-waerme-der-geschichte-in-ihren-haenden\/#breadcrumb","itemListElement":[{"@type":"ListItem","position":1,"name":"Hjem","item":"https:\/\/sagnlandet.dk\/de\/"},{"@type":"ListItem","position":2,"name":"Events","item":"https:\/\/sagnlandet.dk\/de\/blog\/events\/"},{"@type":"ListItem","position":3,"name":"Kommen Sie zur Krempelparty und sp\u00fcren Sie die W\u00e4rme der Geschichte in Ihren H\u00e4nden!"}]},{"@type":"WebSite","@id":"https:\/\/sagnlandet.dk\/de\/#website","url":"https:\/\/sagnlandet.dk\/de\/","name":"Sagnlandet Lejre","description":"","publisher":{"@id":"https:\/\/sagnlandet.dk\/de\/#organization"},"potentialAction":[{"@type":"SearchAction","target":{"@type":"EntryPoint","urlTemplate":"https:\/\/sagnlandet.dk\/de\/?s={search_term_string}"},"query-input":{"@type":"PropertyValueSpecification","valueRequired":true,"valueName":"search_term_string"}}],"inLanguage":"de"},{"@type":"Organization","@id":"https:\/\/sagnlandet.dk\/de\/#organization","name":"Sagnlandet Lejre","url":"https:\/\/sagnlandet.dk\/de\/","logo":{"@type":"ImageObject","inLanguage":"de","@id":"https:\/\/sagnlandet.dk\/de\/#\/schema\/logo\/image\/","url":"https:\/\/sagnlandet.dk\/de\/wp-content\/uploads\/sites\/13\/1738\/65\/logo.png","contentUrl":"https:\/\/sagnlandet.dk\/de\/wp-content\/uploads\/sites\/13\/1738\/65\/logo.png","width":398,"height":143,"caption":"Sagnlandet Lejre"},"image":{"@id":"https:\/\/sagnlandet.dk\/de\/#\/schema\/logo\/image\/"}}]}},"_links":{"self":[{"href":"https:\/\/sagnlandet.dk\/de\/wp-json\/wp\/v2\/ajde_events\/71183"}],"collection":[{"href":"https:\/\/sagnlandet.dk\/de\/wp-json\/wp\/v2\/ajde_events"}],"about":[{"href":"https:\/\/sagnlandet.dk\/de\/wp-json\/wp\/v2\/types\/ajde_events"}],"author":[{"embeddable":true,"href":"https:\/\/sagnlandet.dk\/de\/wp-json\/wp\/v2\/users\/1569"}],"replies":[{"embeddable":true,"href":"https:\/\/sagnlandet.dk\/de\/wp-json\/wp\/v2\/comments?post=71183"}],"wp:featuredmedia":[{"embeddable":true,"href":"https:\/\/sagnlandet.dk\/de\/wp-json\/wp\/v2\/media\/71185"}],"wp:attachment":[{"href":"https:\/\/sagnlandet.dk\/de\/wp-json\/wp\/v2\/media?parent=71183"}],"wp:term":[{"taxonomy":"post_tag","embeddable":true,"href":"https:\/\/sagnlandet.dk\/de\/wp-json\/wp\/v2\/tags?post=71183"},{"taxonomy":"event_type","embeddable":true,"href":"https:\/\/sagnlandet.dk\/de\/wp-json\/wp\/v2\/event_type?post=71183"},{"taxonomy":"event_type_2","embeddable":true,"href":"https:\/\/sagnlandet.dk\/de\/wp-json\/wp\/v2\/event_type_2?post=71183"}],"curies":[{"name":"wp","href":"https:\/\/api.w.org\/{rel}","templated":true}]}}

Kommen Sie zur Krempelparty und spüren Sie die Wärme der Geschichte in Ihren Händen!

<p></p>




<section class="standout-section standout-block standout-basic alignwide">

	<div class="standout-max-container">	

<div class="standout-block-inner">
	
						<div class="acf-innerblocks-container">

<blockquote class="wp-block-quote is-layout-flow wp-block-quote-is-layout-flow">
<h2 class="wp-block-heading"><strong>Kommen Sie zum Kardierfest und spüren Sie die Wärme der Geschichte in Ihren Händen!</strong></h2>
</blockquote>



<p>Sobald die Schafe geschoren sind, beginnt die lange Reise von der Wolle zur Socke. Früher wurde die Wolle oft über den Sommer versteckt, wenn die Felder und Tiere die ganze Arbeit machten. Doch nach Michaeli, am 29. September, begann das Abendbrot &#8211; und damit auch die Verarbeitung der Wolle.</p>



<p>In der Kardiergilde wurde die Wolle zunächst gerupft, gezupft und vorgekämmt, bevor sie zu feinem Tuch gekämmt wurde, das dann gesponnen und gestrickt werden konnte. An einem Wintertag konnte man ein Pfund Wolle kardieren &#8211; und ein Schaf lieferte zwei bis vier Pfund. Wenn man zu viel hatte, konnte man eine alte Frau in der Nachbarschaft bitten, einem gegen Essen auszuhelfen. Man konnte aber auch Leute zu einer <strong>Kardierparty</strong> einladen &#8211; die Mädchen der örtlichen Jugendgruppe kamen und kardierten zu Liedern, Gelächter und Wettbewerben. Auch die jungen Männer kamen, mit ihren selbst gestrickten Socken in der Hand, und man verbrachte den Abend in guter Gesellschaft.</p>



<p><strong>In Lejre Land of Legends können Sie von 14.30 bis 15.30 Uhr eine Kardegilde erleben.</strong><br>Lernen Sie zu kardieren, hören Sie die Geschichten und seien Sie Teil der gemeinsamen Anstrengung, die das Winterstricken möglich gemacht hat.</p>

</div>
			
	</div>



		</div>
</section>


<p></p>

<!-- This site is optimized with the Yoast SEO plugin v23.5 - https://yoast.com/wordpress/plugins/seo/ -->
<title>Kommen Sie zur Krempelparty und spüren Sie die Wärme der Geschichte in Ihren Händen! - Sagnlandet Lejre</title>
<meta name="robots" content="index, follow, max-snippet:-1, max-image-preview:large, max-video-preview:-1" />
<link rel="canonical" href="https://sagnlandet.dk/de/blog/events/kommen-sie-zur-krempelparty-und-spueren-sie-die-waerme-der-geschichte-in-ihren-haenden/" />
<meta property="og:locale" content="de_DE" />
<meta property="og:type" content="article" />
<meta property="og:title" content="Kommen Sie zur Krempelparty und spüren Sie die Wärme der Geschichte in Ihren Händen! - Sagnlandet Lejre" />
<meta property="og:url" content="https://sagnlandet.dk/de/blog/events/kommen-sie-zur-krempelparty-und-spueren-sie-die-waerme-der-geschichte-in-ihren-haenden/" />
<meta property="og:site_name" content="Sagnlandet Lejre" />
<meta property="article:modified_time" content="2025-04-24T11:28:24+00:00" />
<meta property="og:image" content="https://sagnlandet.dk/de/wp-content/uploads/sites/13/2025/04/Faareklipning-27-07-2015-07-scaled-1.jpg" />
	<meta property="og:image:width" content="2560" />
	<meta property="og:image:height" content="1707" />
	<meta property="og:image:type" content="image/jpeg" />
<meta name="twitter:card" content="summary_large_image" />
<!-- / Yoast SEO plugin. -->

Kommen Sie zur Krempelparty und spüren Sie die Wärme der Geschichte in Ihren Händen! - Sagnlandet Lejre
